{"id":40,"date":"2024-03-06T21:07:22","date_gmt":"2024-03-06T21:07:22","guid":{"rendered":"https:\/\/taloit.fi\/main\/?page_id=40"},"modified":"2024-03-15T12:50:09","modified_gmt":"2024-03-15T12:50:09","slug":"solarkoti","status":"publish","type":"page","link":"https:\/\/taloit.fi\/main\/?page_id=40","title":{"rendered":"SolarKoti"},"content":{"rendered":"<div class=\"ttr_solarkoti_html_row0 row g-0\" >\n<div class=\"post_column col-xxl-3 col-xl-3 col-lg-6 col-md-6 col-sm-6 col-xs-12 col-12\">\n<div class=\"ttr_solarkoti_html_column00\">\n<div class=\"margin_collapsetop\"><\/div>\n<div class=\"html_content\"><\/div>\n<div class=\"margin_collapsetop\"><\/div>\n<div style=\"clear:both;width:0px;\"><\/div>\n<\/div>\n<\/div>\n<div class=\" visible-xs-block d-block\" style=\"clear: both;width:0px;\"><\/div>\n<div class=\"post_column col-xxl-3 col-xl-3 col-lg-6 col-md-6 col-sm-6 col-xs-12 col-12\">\n<div class=\"ttr_solarkoti_html_column01\">\n<div class=\"margin_collapsetop\"><\/div>\n<div class=\"html_content\"><\/div>\n<div class=\"margin_collapsetop\"><\/div>\n<div style=\"clear:both;width:0px;\"><\/div>\n<\/div>\n<\/div>\n<div class=\" visible-lg-block d-lg-block visible-sm-block d-sm-block visible-md-block d-md-block visible-xs-block d-block\" style=\"clear: both;width:0px;\"><\/div>\n<div class=\"post_column col-xxl-3 col-xl-3 col-lg-6 col-md-6 col-sm-6 col-xs-12 col-12\">\n<div class=\"ttr_solarkoti_html_column02\">\n<div class=\"margin_collapsetop\"><\/div>\n<div class=\"html_content\"><\/div>\n<div class=\"margin_collapsetop\"><\/div>\n<div style=\"clear:both;width:0px;\"><\/div>\n<\/div>\n<\/div>\n<div class=\" visible-xs-block d-block\" style=\"clear: both;width:0px;\"><\/div>\n<div class=\"post_column col-xxl-3 col-xl-3 col-lg-6 col-md-6 col-sm-6 col-xs-12 col-12\">\n<div class=\"ttr_solarkoti_html_column03\">\n<div class=\"margin_collapsetop\"><\/div>\n<div class=\"html_content\"><\/div>\n<div class=\"margin_collapsetop\"><\/div>\n<div style=\"clear:both;width:0px;\"><\/div>\n<\/div>\n<\/div>\n<div class=\" d-xxl-block d-xl-block visible-lg-block d-lg-block visible-sm-block d-sm-block visible-md-block d-md-block visible-xs-block d-block\" style=\"clear: both;width:0px;\"><\/div>\n<\/div>\n<div class=\"ttr_solarkoti_html_row1 row g-0\" >\n<div class=\"post_column col-xxl-5 col-xl-5 col-lg-6 col-md-6 col-sm-6 col-xs-12 col-12\">\n<div class=\"ttr_solarkoti_html_column10\">\n<div class=\"margin_collapsetop\"><\/div>\n<div class=\"html_content\">\n<p style=\"text-align:Center; display:block; \"><span style=\"font-family:'Comic Sans MS';font-size:2.143em;color:rgba(20,101,32,1);\">Suunnitteletko aurinkoj\u00e4rjestelm\u00e4\u00e4 kotiin?<\/span><\/p>\n<p><br style=\"text-align:Center; display:block; \" \/><\/p>\n<p><span style=\"font-family:'Comic Sans MS';color:rgba(46,21,50,1);\">Aurinkopaneelit soveltuvat kaikenlaisiin kiinteist\u00f6ihin ja rakennuksiin kattotyypist\u00e4 riippumatta, sill\u00e4 jokaiselle kattotyypille on oma kiinnitysj\u00e4rjestelm\u00e4ns\u00e4. J\u00e4rjestelm\u00e4n koko m\u00e4\u00e4ritet\u00e4\u00e4n aina kiinteist\u00f6kohtaisen energiatarpeen mukaisesti. <\/span><\/p>\n<p><br style=\"font-family:'Comic Sans MS';color:rgba(46,21,50,1);\" \/><\/p>\n<p><span style=\"font-family:'Comic Sans MS';color:rgba(46,21,50,1);\">Me korostamme, ett\u00e4 ennen aurinkopaneelien hankkimista on t\u00e4rke\u00e4\u00e4 huomioida kiinteist\u00f6n l\u00e4ht\u00f6tilanne ja tulevat tarpeet kuten aurinkos\u00e4hk\u00f6n hy\u00f6dynt\u00e4minen s\u00e4hk\u00f6auton latauksessa. <\/span><a href=\"https:\/\/solarkoti.fi\/solar\/\" target=\"_blank\" class=\"tt_link\" rel=\"noopener\"><span style=\"font-family:'Comic Sans MS';color:rgba(46,21,50,1);\">Lue lis\u00e4\u00e4 aurinkoj\u00e4rjestelmist\u00e4 t\u00e4\u00e4lt\u00e4.<\/span><\/a><\/p>\n<\/div>\n<div class=\"margin_collapsetop\"><\/div>\n<div style=\"clear:both;width:0px;\"><\/div>\n<\/div>\n<\/div>\n<div class=\" visible-xs-block d-block\" style=\"clear: both;width:0px;\"><\/div>\n<div class=\"post_column col-xxl-3 col-xl-3 col-lg-6 col-md-6 col-sm-6 col-xs-12 col-12\">\n<div class=\"ttr_solarkoti_html_column11\">\n<div class=\"margin_collapsetop\"><\/div>\n<div class=\"html_content\"><\/p>\n<p style=\"text-align:Center; display:block; \"><span class=\"ttr_image\" style=\"float:none;display:block;overflow:hidden;text-align:center;margin:0px 0px 0px 0px;\"><span><a href=\"https:\/\/solarkoti.fi\/solar\/\" target=\"_self\" rel=\"noopener\"><img decoding=\"async\" class=\"ttr_uniform\" style=\"max-height:50px;max-width:197px;margin:0px 0px 0px 0px;\" src=\"https:\/\/taloit.fi\/main\/wp-content\/uploads\/2024\/03\/logoremovebgpreview3.png\" alt=\"SolarKoti\" \/><\/a><\/span><\/span><span style=\"font-family:'Comic Sans MS';font-style:italic;color:rgba(20,101,32,1);\">energiaa auringosta<\/span><\/p>\n<p style=\"text-align:Center; display:block; \"><a href=\"https:\/\/solarkoti.fi\/solar\/\" target=\"_self\" class=\"tt_link\" rel=\"noopener\"><span style=\"font-family:'Comic Sans MS';color:rgba(20,101,32,1);\">Tutustu lis\u00e4\u00e4 aurinkoj\u00e4rjestelmiin\u00e4 t\u00e4st\u00e4<\/span><span style=\"font-family:'Comic Sans MS';color:rgba(20,101,32,1);\">.<\/span><\/a><\/p>\n<p style=\"text-align:Center; display:block; \"><span class=\"ttr_image\" style=\"float:none;display:block;overflow:hidden;text-align:center;margin:0px 0px 0px 0px;\"><span><a href=\"https:\/\/solarkoti.fi\/solar\/\" target=\"_self\" rel=\"noopener\"><img decoding=\"async\" class=\"ttr_uniform\" style=\"max-height:200px;max-width:170px;margin:0px 0px 0px 0px;\" src=\"https:\/\/taloit.fi\/main\/wp-content\/uploads\/2024\/03\/SolarKoti_mainos_pohjaremovebgpreview1.png\" alt=\"SolarKoti\" \/><\/a><\/span><\/span><\/p>\n<\/div>\n<div class=\"margin_collapsetop\"><\/div>\n<div style=\"clear:both;width:0px;\"><\/div>\n<\/div>\n<\/div>\n<div class=\" visible-lg-block d-lg-block visible-sm-block d-sm-block visible-md-block d-md-block visible-xs-block d-block\" style=\"clear: both;width:0px;\"><\/div>\n<div class=\"post_column col-xxl-4 col-xl-4 col-lg-6 col-md-6 col-sm-6 col-xs-12 col-12\">\n<div class=\"ttr_solarkoti_html_column12\">\n<div class=\"margin_collapsetop\"><\/div>\n<div class=\"html_content\">\n<p><span class=\"ttr_image\" style=\"float:none;display:block;overflow:hidden;text-align:center;margin:0px 0px 0px 0px;\"><span><img decoding=\"async\" class=\"ttr_uniform\" style=\"max-height:299.333333333333px;max-width:338px;margin:0px 0px 0px 0px;\" src=\"https:\/\/taloit.fi\/main\/wp-content\/uploads\/2024\/03\/Aurinkovoimala.jpg\" alt=\"ddd\" \/><\/span><\/span><\/p>\n<\/div>\n<div class=\"margin_collapsetop\"><\/div>\n<div style=\"clear:both;width:0px;\"><\/div>\n<\/div>\n<\/div>\n<div class=\" d-xxl-block d-xl-block visible-xs-block d-block\" style=\"clear: both;width:0px;\"><\/div>\n<\/div>\n<div class=\"ttr_solarkoti_html_row2 row g-0\" >\n<div class=\"post_column col-xxl-5 col-xl-5 col-lg-6 col-md-6 col-sm-6 col-xs-12 col-12\">\n<div class=\"ttr_solarkoti_html_column20\">\n<div class=\"margin_collapsetop\"><\/div>\n<div class=\"html_content\">\n<p><span class=\"ttr_image\" style=\"float:Right;overflow:hidden;margin:0px 0px 0px 0px;padding:0px 0px 0px 0px;\"><span><a href=\"https:\/\/scanoffice.fi\/tuote\/sahkoauton-lataus-aurinkosahkolla-beny-latauslaite-omakotitaloon\/#tuote\" target=\"_blank\" rel=\"noopener\"><img decoding=\"async\" class=\"ttr_uniform\" style=\"max-height:248px;max-width:437px;margin:50px 0px 0px 0px;\" src=\"https:\/\/taloit.fi\/main\/wp-content\/uploads\/2024\/03\/aurinkolatausremovebgpreview1.png\" alt=\"Aurinko-Lataus\" \/><\/a><\/span><\/span><\/p>\n<\/div>\n<div class=\"margin_collapsetop\"><\/div>\n<div style=\"clear:both;width:0px;\"><\/div>\n<\/div>\n<\/div>\n<div class=\" visible-xs-block d-block\" style=\"clear: both;width:0px;\"><\/div>\n<div class=\"post_column col-xxl-1 col-xl-1 col-lg-6 col-md-6 col-sm-6 col-xs-12 col-12\">\n<div class=\"ttr_solarkoti_html_column21\">\n<div class=\"margin_collapsetop\"><\/div>\n<div class=\"html_content\"><span><img decoding=\"async\" class=\"ttr_uniform\" style=\"max-height:139px;max-width:80px;margin:0px 0px 0px 0px;\" src=\"https:\/\/taloit.fi\/main\/wp-content\/uploads\/2024\/03\/10526340921.png\" alt=\"BENY\" \/><\/span><\/div>\n<div class=\"margin_collapsetop\"><\/div>\n<div style=\"clear:both;width:0px;\"><\/div>\n<\/div>\n<\/div>\n<div class=\" visible-lg-block d-lg-block visible-sm-block d-sm-block visible-md-block d-md-block visible-xs-block d-block\" style=\"clear: both;width:0px;\"><\/div>\n<div class=\"post_column col-xxl-6 col-xl-6 col-lg-6 col-md-6 col-sm-6 col-xs-12 col-12\">\n<div class=\"ttr_solarkoti_html_column22\">\n<div class=\"margin_collapsetop\"><\/div>\n<div class=\"html_content\">\n<p style=\"margin:5px 0px 5px 0px;text-align:Center; display:block; line-height:2.51em;color:rgba(51,51,51,1);\"><span style=\"font-family:'Comic Sans MS';font-size:1.714em;color:rgba(20,101,32,1);background-color:transparent;\">S\u00e4hk\u00f6auton lataus aurinkos\u00e4hk\u00f6ll\u00e4<\/span><span style=\"font-family:'Comic Sans MS';font-size:1.714em;color:rgba(20,101,32,1);background-color:transparent;\">!<\/span><\/p>\n<p style=\"margin:5px 0px 5px 0px;text-align:Center; display:block; line-height:1.49em;color:rgba(51,51,51,1);\"><br style=\"color:rgba(35,150,52,1);background-color:transparent;\" \/><\/p>\n<p style=\"margin:5px 0px 5px 0px;line-height:1.49em;color:rgba(51,51,51,1);\"><span style=\"font-family:'Comic Sans MS';color:rgba(46,21,50,1);\">\u00c4lyk\u00e4s s\u00e4hk\u00f6auton latausasema BENY s\u00e4\u00e4t\u00e4\u00e4 lataustehoa sen mukaan, kuinka paljon kodin katolla olevat aurinkopaneelit tuottavat.<\/span><\/p>\n<p style=\"margin:5px 0px 5px 0px;line-height:1.49em;color:rgba(51,51,51,1);\"><br style=\"font-family:'Comic Sans MS';color:rgba(46,21,50,1);\" \/><\/p>\n<p style=\"margin:5px 0px 5px 0px;line-height:1.49em;color:rgba(51,51,51,1);\"><span style=\"font-family:'Comic Sans MS';color:rgba(46,21,50,1);\">BENY-latauspiste sis\u00e4lt\u00e4\u00e4 tarvittavat lis\u00e4laitteet kuormanhallintaan (DLB, Dynamic Load Balance): Latauslaite voidaan asettaa s\u00e4\u00e4t\u00e4m\u00e4\u00e4n auton lataustehoa aurinkopaneelien tuottaman energian mukaisesti. N\u00e4in saat autosi akun t\u00e4yteen puhdasta, itse tuottamaasi aurinkoenergiaa!<\/span><\/p>\n<p style=\"margin:5px 0px 5px 0px;line-height:1.49em;color:rgba(51,51,51,1);\"><br style=\"font-family:'Comic Sans MS';color:rgba(46,21,50,1);\" \/><\/p>\n<p style=\"margin:5px 0px 5px 0px;line-height:1.49em;color:rgba(51,51,51,1);\"><span style=\"font-family:'Comic Sans MS';color:rgba(46,21,50,1);\">BENY sopii yhteen kaikkien aurinkos\u00e4hk\u00f6j\u00e4rjestelmien sek\u00e4 ladattavien autojen kanssa.<\/span><span style=\"font-family:'Comic Sans MS';color:rgba(46,21,50,1);\"> <\/span><span style=\"font-family:'Comic Sans MS';color:rgba(46,21,50,1);\">BENY suojaa my\u00f6s kodin p\u00e4\u00e4sulakkeet, oli kodissa aurinkopaneelit tai ei. <\/span><\/p>\n<p><br style=\"margin:5px 0px 5px 0px;line-height:1.49em;color:rgba(51,51,51,1);\" \/><\/div>\n<div class=\"margin_collapsetop\"><\/div>\n<div style=\"clear:both;width:0px;\"><\/div>\n<\/div>\n<\/div>\n<div class=\" d-xxl-block d-xl-block visible-xs-block d-block\" style=\"clear: both;width:0px;\"><\/div>\n<\/div>\n<div class=\"ttr_solarkoti_html_row3 row g-0\" >\n<div class=\"post_column col-xxl-3 col-xl-3 col-lg-6 col-md-6 col-sm-6 col-xs-12 col-12\">\n<div class=\"ttr_solarkoti_html_column30\">\n<div class=\"margin_collapsetop\"><\/div>\n<div class=\"html_content\">\n<p style=\"text-align:Center; display:block; line-height:1.9em;\"><span style=\"font-family:'Comic Sans MS';font-size:1.286em;color:rgba(35,150,52,1);\">S\u00e4hk\u00f6lasku pienenee<\/span><\/p>\n<p><span style=\"font-family:'Comic Sans MS';\">Aurinkopaneelit ovat kannattava sijoitus. Ne tuottavat vuoden aikana jopa 5\u201320 prosenttia niihin sijoittamastasi summasta ja palvelevat sinua kymmeni\u00e4 vuosia.<\/span><\/p>\n<p><br style=\"font-family:'Comic Sans MS';\" \/><\/p>\n<p><span style=\"font-family:'Comic Sans MS';\">S\u00e4\u00e4st\u00e4t<\/span><span style=\"font-family:'Comic Sans MS';\"> jopa<\/span><span style=\"font-family:'Comic Sans MS';\"> s\u00e4hk\u00f6laskussa 500\u20132500 \u20ac vuodessa.<\/span><\/p>\n<\/div>\n<div class=\"margin_collapsetop\"><\/div>\n<div style=\"clear:both;width:0px;\"><\/div>\n<\/div>\n<\/div>\n<div class=\" visible-xs-block d-block\" style=\"clear: both;width:0px;\"><\/div>\n<div class=\"post_column col-xxl-3 col-xl-3 col-lg-6 col-md-6 col-sm-6 col-xs-12 col-12\">\n<div class=\"ttr_solarkoti_html_column31\">\n<div class=\"margin_collapsetop\"><\/div>\n<div class=\"html_content\">\n<p style=\"text-align:Center; display:block; line-height:1.9em;\"><span style=\"font-family:'Comic Sans MS';font-size:1.286em;color:rgba(35,150,52,1);\">Kodin arvo nousee<\/span><\/p>\n<p><span style=\"font-family:'Comic Sans MS';\">Kiinnostus aurinkos\u00e4hk\u00f6\u00f6n kasvaa tulevaisuudessa entisest\u00e4\u00e4n. Aurinkopaneelit nostavat merkitt\u00e4v\u00e4sti talosi ja vapaa-ajanasuntosi arvoa. Aurinkopaneelit tuottavat s\u00e4hk\u00f6\u00e4 kymmeni\u00e4 vuosia.<\/span><\/p>\n<\/div>\n<div class=\"margin_collapsetop\"><\/div>\n<div style=\"clear:both;width:0px;\"><\/div>\n<\/div>\n<\/div>\n<div class=\" visible-lg-block d-lg-block visible-sm-block d-sm-block visible-md-block d-md-block visible-xs-block d-block\" style=\"clear: both;width:0px;\"><\/div>\n<div class=\"post_column col-xxl-3 col-xl-3 col-lg-6 col-md-6 col-sm-6 col-xs-12 col-12\">\n<div class=\"ttr_solarkoti_html_column32\">\n<div class=\"margin_collapsetop\"><\/div>\n<div class=\"html_content\">\n<p style=\"text-align:Center; display:block; line-height:1.9em;\"><span style=\"font-family:'Comic Sans MS';font-size:1.286em;color:rgba(35,150,52,1);\">Luonto kiitt\u00e4\u00e4<\/span><\/p>\n<p><span style=\"font-family:'Comic Sans MS';\">Aurinkopaneeleilla tuotat p\u00e4\u00e4st\u00f6t\u00f6nt\u00e4 s\u00e4hk\u00f6\u00e4 ymp\u00e4rist\u00f6\u00e4 kunnioittaen. Jokainen asennettu aurinkopaneeli on askel kohti kest\u00e4v\u00e4\u00e4, valoisaa tulevaisuutta.<\/span><\/p>\n<\/div>\n<div class=\"margin_collapsetop\"><\/div>\n<div style=\"clear:both;width:0px;\"><\/div>\n<\/div>\n<\/div>\n<div class=\" visible-xs-block d-block\" style=\"clear: both;width:0px;\"><\/div>\n<div class=\"post_column col-xxl-3 col-xl-3 col-lg-6 col-md-6 col-sm-6 col-xs-12 col-12\">\n<div class=\"ttr_solarkoti_html_column33\">\n<div class=\"margin_collapsetop\"><\/div>\n<div class=\"html_content\">\n<p style=\"text-align:Center; display:block; line-height:1.9em;\"><span style=\"font-family:'Comic Sans MS';font-size:1.286em;color:rgba(35,150,52,1);\">Tuotat energiaa <\/span><span style=\"font-family:'Comic Sans MS';font-size:1.286em;color:rgba(35,150,52,1);\">v<\/span><span style=\"font-family:'Comic Sans MS';font-size:1.286em;color:rgba(35,150,52,1);\">aivattomasti<\/span><\/p>\n<p><span style=\"font-family:'Comic Sans MS';\">Aurinkopaneelit ovat vaivattomia k\u00e4ytt\u00e4\u00e4. Niist\u00e4 ei koidu melu- tai hajuhaittoja, ja ne ovat k\u00e4yt\u00f6ss\u00e4 huomaamattomia.<\/span><\/p>\n<\/div>\n<div class=\"margin_collapsetop\"><\/div>\n<div style=\"clear:both;width:0px;\"><\/div>\n<\/div>\n<\/div>\n<div class=\" d-xxl-block d-xl-block visible-lg-block d-lg-block visible-sm-block d-sm-block visible-md-block d-md-block visible-xs-block d-block\" style=\"clear: both;width:0px;\"><\/div>\n<\/div>\n<div class=\"ttr_solarkoti_html_row4 row g-0\" >\n<div class=\"post_column col-xxl-2 col-xl-2 col-lg-6 col-md-6 col-sm-6 col-xs-12 col-12\">\n<div class=\"ttr_solarkoti_html_column40\">\n<div class=\"margin_collapsetop\"><\/div>\n<div class=\"html_content\">\n<p><span class=\"ttr_image\" style=\"float:none;display:block;overflow:hidden;text-align:center;margin:0px 0px 0px 0px;\"><span><img decoding=\"async\" class=\"ttr_uniform\" style=\"max-height:48px;max-width:168.666666666667px;margin:70px 10px 0px 10px;\" src=\"https:\/\/taloit.fi\/main\/wp-content\/uploads\/2024\/03\/SETIremovebgpreview1.png\" alt=\"Seti\" \/><\/span><\/span><\/p>\n<\/div>\n<div class=\"margin_collapsetop\"><\/div>\n<div style=\"clear:both;width:0px;\"><\/div>\n<\/div>\n<\/div>\n<div class=\" visible-xs-block d-block\" style=\"clear: both;width:0px;\"><\/div>\n<div class=\"post_column col-xxl-4 col-xl-4 col-lg-6 col-md-6 col-sm-6 col-xs-12 col-12\">\n<div class=\"ttr_solarkoti_html_column41\">\n<div class=\"margin_collapsetop\"><\/div>\n<div class=\"html_content\">\n<p><span class=\"ttr_image\" style=\"float:none;display:block;overflow:hidden;text-align:center;margin:0px 0px 0px 0px;\"><span><img decoding=\"async\" class=\"ttr_uniform\" style=\"max-height:192px;max-width:354px;margin:20px 0px 0px 0px;\" src=\"https:\/\/taloit.fi\/main\/wp-content\/uploads\/2024\/03\/Metrel_mittauskalustoremovebgpreview1.png\" alt=\"sss\" \/><\/span><\/span><\/p>\n<p><\/div>\n<div class=\"margin_collapsetop\"><\/div>\n<div style=\"clear:both;width:0px;\"><\/div>\n<\/div>\n<\/div>\n<div class=\" visible-lg-block d-lg-block visible-sm-block d-sm-block visible-md-block d-md-block visible-xs-block d-block\" style=\"clear: both;width:0px;\"><\/div>\n<div class=\"post_column col-xxl-5 col-xl-5 col-lg-6 col-md-6 col-sm-6 col-xs-12 col-12\">\n<div class=\"ttr_solarkoti_html_column42\">\n<div class=\"margin_collapsetop\"><\/div>\n<div class=\"html_content\"><\/p>\n<p style=\"margin:5px 0px 5px 0px;line-height:2.71em;color:rgba(51,51,51,1);\"><span style=\"font-family:'Comic Sans MS';font-size:1.857em;color:rgba(20,101,32,1);\">S\u00e4hk\u00f6turvallisuus ennenkaikkea<\/span><\/p>\n<p style=\"margin:5px 0px 5px 0px;line-height:2.3em;color:rgba(51,51,51,1);\"><span><\/span><\/p>\n<p style=\"margin:5px 0px 5px 0px;line-height:1.49em;color:rgba(51,51,51,1);\"><span style=\"font-family:'Comic Sans MS';\">Meill\u00e4 on SFS standardin mukainen mittauskalusto. Jokainen laite ja asennus testaan sek\u00e4 testip\u00f6yt\u00e4kirja mittausdatoineen l\u00e4het\u00e4\u00e4n asiakaalle s\u00e4hk\u00f6isesti. Meid\u00e4n asennuksilla ja laitteillamme onnistuu kaikkien lataushybridi- ja s\u00e4hk\u00f6autojen lataus turvallisesti.<\/span><\/p>\n<p><\/div>\n<div class=\"margin_collapsetop\"><\/div>\n<div style=\"clear:both;width:0px;\"><\/div>\n<\/div>\n<\/div>\n<div class=\" visible-xs-block d-block\" style=\"clear: both;width:0px;\"><\/div>\n<\/div>\n<div class=\"ttr_solarkoti_html_row5 row g-0\" >\n<div class=\"post_column col-xxl-6 col-xl-6 col-lg-6 col-md-6 col-sm-6 col-xs-12 col-12\">\n<div class=\"ttr_solarkoti_html_column50\">\n<div class=\"margin_collapsetop\"><\/div>\n<div class=\"html_content\">\n<p style=\"margin:5px 0px 5px 0px;line-height:2.3em;color:rgba(51,51,51,1);\"><span style=\"font-family:'Comic Sans MS';font-size:1.571em;color:rgba(20,101,32,1);\">Standardi SFS-EN 62446-1 aurinkos\u00e4hk\u00f6laitteiston k\u00e4ytt\u00f6\u00f6nottotestit<\/span><\/p>\n<p style=\"margin:5px 0px 5px 0px;line-height:1.49em;color:rgba(51,51,51,1);\"><br style=\"font-family:'Comic Sans MS';color:rgba(46,21,50,1);\" \/><\/p>\n<p style=\"margin:5px 0px 5px 0px;line-height:1.49em;color:rgba(51,51,51,1);\"><span style=\"font-family:'Comic Sans MS';color:rgba(46,21,50,1);\">Standardi SFS-EN 62446-1 m\u00e4\u00e4rittelee aurinkos\u00e4hk\u00f6j\u00e4rjestelm\u00e4n k\u00e4ytt\u00f6\u00f6nottotestit ja tarkastuskriteerit. Se on tarkoitettu sovellettavaksi s\u00e4hk\u00f6verkkoon kytkettyjen aurinkos\u00e4hk\u00f6j\u00e4rjestelmien asennuksen, k\u00e4ytt\u00f6\u00f6noton sek\u00e4 kunnossapidon ja muutost\u00f6iden j\u00e4lkeen teht\u00e4viss\u00e4 tarkastuksissa. Mittalaitteemme <\/span><span style=\"font-family:'Comic Sans MS';color:rgba(46,21,50,1);\">Eurotest PV on suunniteltu sek\u00e4 aurinkopaneelien DC-puolen testauksiin, ett\u00e4 AC-puolen s\u00e4hk\u00f6turvallisuusmittauksiin. Testeri soveltuu niin k\u00e4ytt\u00f6\u00f6nottomittauksiin, kuin my\u00f6s aurinkopaneelien kunnon<\/span><span style=\"font-family:'Comic Sans MS';color:rgba(46,21,50,1);\"> <\/span><span style=\"font-family:'Comic Sans MS';color:rgba(46,21,50,1);\">valvontaan. Testerill\u00e4 pystyt tarkastelemaan my\u00f6s kohteen DC- sek\u00e4 AC-puolen v\u00e4list\u00e4 hy\u00f6tysuhdetta. Mittarilla testa<\/span><span style=\"font-family:'Comic Sans MS';color:rgba(46,21,50,1);\">taan<\/span><span style=\"font-family:'Comic Sans MS';color:rgba(46,21,50,1);\"> DC-puolen vaadittavien PE-johtimen jatkuvuuden sek\u00e4 asennuksen eristysvastusmittauksen lis\u00e4ksi, my\u00f6s paneelien I\u2013U -ominaisk\u00e4yr\u00e4 sek\u00e4 laskennalliset STC (Standard Test Conditions) arvot.<\/span><\/p>\n<p style=\"margin:5px 0px 5px 0px;line-height:1.49em;color:rgba(51,51,51,1);\"><br style=\"font-family:'Comic Sans MS';color:rgba(46,21,50,1);\" \/><\/p>\n<p style=\"text-align:Center; display:block; \"><span style=\"font-style:italic;font-weight:700;\">Pyyd\u00e4 aurinkos\u00e4hk\u00f6j\u00e4rjestelm\u00e4n asentajalta testiraportti!<\/span><\/p>\n<\/div>\n<div class=\"margin_collapsetop\"><\/div>\n<div style=\"clear:both;width:0px;\"><\/div>\n<\/div>\n<\/div>\n<div class=\" visible-xs-block d-block\" style=\"clear: both;width:0px;\"><\/div>\n<div class=\"post_column col-xxl-6 col-xl-6 col-lg-6 col-md-6 col-sm-6 col-xs-12 col-12\">\n<div class=\"ttr_solarkoti_html_column51\">\n<div class=\"margin_collapsetop\"><\/div>\n<div class=\"html_content\">\n<p><span class=\"ttr_image\" style=\"float:none;display:block;overflow:hidden;text-align:center;margin:0px 0px 0px 0px;\"><\/p>\n<p><\/p>\n<p><span><img decoding=\"async\" class=\"ttr_uniform\" style=\"max-height:383px;max-width:652px;margin:0px 0px 0px 0px;\" src=\"https:\/\/taloit.fi\/main\/wp-content\/uploads\/2024\/03\/Asennustesteri_Metrel_MI31081removebgpreview.png\" alt=\"Metrel\" \/><\/span><\/span><\/p>\n<\/div>\n<div class=\"margin_collapsetop\"><\/div>\n<div style=\"clear:both;width:0px;\"><\/div>\n<\/div>\n<\/div>\n<div class=\" d-xxl-block d-xl-block visible-lg-block d-lg-block visible-sm-block d-sm-block visible-md-block d-md-block visible-xs-block d-block\" style=\"clear: both;width:0px;\"><\/div>\n<\/div>\n<div class=\"ttr_solarkoti_html_row6 row g-0\" >\n<div class=\"post_column col-xxl-12 col-xl-12 col-lg-6 col-md-6 col-sm-6 col-xs-12 col-12\">\n<div class=\"ttr_solarkoti_html_column60\">\n<div class=\"margin_collapsetop\"><\/div>\n<div class=\"html_content\">\n<p style=\"text-align:Center; display:block; line-height:2.3em;\"><span style=\"font-family:'Comic Sans MS';font-size:1.571em;color:rgba(20,101,32,1);\">Aurinkos\u00e4hk\u00f6paneeliston dokumentointi<\/span><\/p>\n<p><br style=\"font-family:'Comic Sans MS';color:rgba(46,21,50,1);\" \/><\/p>\n<p><span style=\"font-family:'Comic Sans MS';color:rgba(46,21,50,1);\">S\u00e4hk\u00f6verkkoon kytkettyjen aurinkos\u00e4hk\u00f6laitteistojen odotettu k\u00e4ytt\u00f6aika on vuosikymmeni\u00e4. Rakennukseen asennetun laitteiston omistaja saattaa vaihtua laitteiston odotetun k\u00e4ytt\u00f6ajan sis\u00e4ll\u00e4. Hyv\u00e4st\u00e4 dokumentaatiosta on apua aurinkos\u00e4hk\u00f6laitteiston vianselvityksess\u00e4 ja laitteiston yll\u00e4pit\u00e4misess\u00e4 turvallisena ja suorituskykyisen\u00e4.<\/span><\/p>\n<p><br style=\"font-family:'Comic Sans MS';color:rgba(46,21,50,1);\" \/><\/p>\n<p><span style=\"font-family:'Comic Sans MS';color:rgba(46,21,50,1);\">Standardissa SFS-EN 62446-1 esitet\u00e4\u00e4n vaatimukset s\u00e4hk\u00f6verkkoon kytketyn aurinkos\u00e4hk\u00f6j\u00e4rjestelm\u00e4n informaatiolle ja dokumentaatiolle. Dokumentaatio muodostuu laitoksen perustiedoista ja informaatiosta, jonka odotetaan olevan saatavilla k\u00e4ytt\u00f6- ja huolto-ohjeissa.<\/span><\/p>\n<\/div>\n<div class=\"margin_collapsetop\"><\/div>\n<div style=\"clear:both;width:0px;\"><\/div>\n<\/div>\n<\/div>\n<div class=\" d-xxl-block d-xl-block visible-xs-block d-block\" style=\"clear: both;width:0px;\"><\/div>\n<\/div>\n","protected":false},"excerpt":{"rendered":"<p>Suunnitteletko aurinkoj\u00e4rjestelm\u00e4\u00e4 kotiin? Aurinkopaneelit soveltuvat kaikenlaisiin kiinteist\u00f6ihin ja rakennuksiin kattotyypist\u00e4 riippumatta, sill\u00e4 jokaiselle kattotyypille on oma kiinnitysj\u00e4rjestelm\u00e4ns\u00e4. J\u00e4rjestelm\u00e4n koko m\u00e4\u00e4ritet\u00e4\u00e4n aina kiinteist\u00f6kohtaisen energiatarpeen mukaisesti. Me korostamme, ett\u00e4 ennen aurinkopaneelien hankkimista on t\u00e4rke\u00e4\u00e4 huomioida kiinteist\u00f6n l\u00e4ht\u00f6tilanne ja tulevat tarpeet kuten aurinkos\u00e4hk\u00f6n &hellip;<\/p>\n<p><a href=\"https:\/\/taloit.fi\/main\/?page_id=40\">Continue Reading<span class=\"meta-nav\">&rarr;<\/span><\/a><\/p>\n","protected":false},"author":1,"featured_media":0,"parent":0,"menu_order":4,"comment_status":"closed","ping_status":"closed","template":"page-templates\/solarkoti_page.php","meta":{"footnotes":""},"class_list":["post-40","page","type-page","status-publish","hentry"],"_links":{"self":[{"href":"https:\/\/taloit.fi\/main\/index.php?rest_route=\/wp\/v2\/pages\/40","targetHints":{"allow":["GET"]}}],"collection":[{"href":"https:\/\/taloit.fi\/main\/index.php?rest_route=\/wp\/v2\/pages"}],"about":[{"href":"https:\/\/taloit.fi\/main\/index.php?rest_route=\/wp\/v2\/types\/page"}],"author":[{"embeddable":true,"href":"https:\/\/taloit.fi\/main\/index.php?rest_route=\/wp\/v2\/users\/1"}],"replies":[{"embeddable":true,"href":"https:\/\/taloit.fi\/main\/index.php?rest_route=%2Fwp%2Fv2%2Fcomments&post=40"}],"version-history":[{"count":6,"href":"https:\/\/taloit.fi\/main\/index.php?rest_route=\/wp\/v2\/pages\/40\/revisions"}],"predecessor-version":[{"id":428,"href":"https:\/\/taloit.fi\/main\/index.php?rest_route=\/wp\/v2\/pages\/40\/revisions\/428"}],"wp:attachment":[{"href":"https:\/\/taloit.fi\/main\/index.php?rest_route=%2Fwp%2Fv2%2Fmedia&parent=40"}],"curies":[{"name":"wp","href":"https:\/\/api.w.org\/{rel}","templated":true}]}}